igit of 360?
0
What is the ten thousands digit of 13706?
1
What is the units digit of 4608?
8
What is the units digit of 60634?
4
What is the tens digit of 72?
7
What is the tens digit of 324?
2
What is the thousands digit of 11681?
1
What is the tens digit of 7846?
4
What is the tens digit of 3272?
7
What is the thousands digit of 1541?
1
What is the tens digit of 272?
7
What is the tens digit of 3593?
9
What is the thousands digit of 4112?
4
What is the units digit of 36050?
0
What is the tens digit of 941?
4
What is the units digit of 15717?
7
What is the hundreds digit of 1334?
3
What is the tens digit of 44137?
3
What is the hundreds digit of 369?
3
What is the thousands digit of 127289?
7
What is the thousands digit of 8179?
8
What is the units digit of 9615?
5
What is the units digit of 14095?
5
What is the thousands digit of 1080?
1
What is the units digit of 43121?
1
What is the thousands digit of 3175?
3
What is the hundreds digit of 59118?
1
What is the units digit of 1518?
8
What is the hundreds digit of 3224?
2
What is the tens digit of 1992?
9
What is the hundreds digit of 3034?
0
What is the ten thousands digit of 102582?
0
What is the units digit of 234?
4
What is the hundreds digit of 155425?
4
What is the tens digit of 21414?
1
What is the hundreds digit of 2547?
5
What is the hundreds digit of 3679?
6
What is the tens digit of 11864?
6
What is the thousands digit of 2095?
2
What is the units digit of 57215?
5
What is the hundreds digit of 282?
2
What is the units digit of 1928?
8
What is the thousands digit of 1384?
1
What is the hundreds digit of 14571?
5
What is the hundreds digit of 173?
1
What is the units digit of 2154?
4
What is the tens digit of 3751?
5
What is the thousands digit of 20874?
0
What is the ten thousands digit of 32070?
3
What is the tens digit of 4472?
7
What is the tens digit of 123151?
5
What is the tens digit of 2892?
9
What is the tens digit of 5312?
1
What is the units digit of 85?
5
What is the units digit of 57509?
9
What is the thousands digit of 2576?
2
What is the tens digit of 2047?
4
What is the thousands digit of 15080?
5
What is the ten thousands digit of 19618?
1
What is the tens digit of 2052?
5
What is the thousands digit of 3154?
3
What is the thousands digit of 4163?
4
What is the thousands digit of 58080?
8
What is the hundreds digit of 2150?
1
What is the units digit of 1439?
9
What is the hundreds digit of 1749?
7
What is the hundreds digit of 5309?
3
What is the hundreds digit of 29038?
0
What is the units digit of 3103?
3
What is the ten thousands digit of 71422?
7
What is the tens digit of 10641?
4
What is the units digit of 6357?
7
What is the hundreds digit of 2664?
6
What is the thousands digit of 1664?
1
What is the tens digit of 3298?
9
What is the units digit of 1467?
7
What is the tens digit of 2571?
7
What is the hundreds digit of 174?
1
What is the hundreds digit of 418?
4
What is the thousands digit of 2767?
2
What is the tens digit of 2717?
1
What is the units digit of 18?
8
What is the units digit of 631?
1
What is the thousands digit of 9752?
9
What is the thousands digit of 1363?
1
What is the hundreds digit of 1221?
2
What is the hundreds digit of 25457?
4
What is the hundreds digit of 781?
7
What is the hundreds digit of 67068?
0
What is the units digit of 1899?
9
What is the hundreds digit of 768?
7
What is the thousands digit of 2518?
2
What is the tens digit of 81802?
0
What is the thousands digit of 82356?
2
What is the units digit of 3645?
5
What is the thousands digit of 1178?
1
What is the thousands digit of 11989?
1
What is the tens digit of 3204?
0
What is the ten thousands digit of 34172?
3
What is the hundreds digit of 5498?
4
What is the hundreds digit of 152?
1
What is the thousands digit of 9235?
9
What is the ten thousands digit of 83978?
8
What is the thousands digit of 60129?
0
What is the thousands digit of 6208?
6
What is the hundreds digit of 693?
6
What is the thousands digit of 1916?
1
What is the units digit of 931?
1
What is the thousands digit of 4009?
4
What is the ten thousands digit of 22178?
2
What is the units digit of 32366?
6
What is the units digit of 35158?
8
What is the units digit of 50312?
2
What is the tens digit of 15504?
0
What is the hundreds digit of 5444?
4
What is the units digit of 4045?
5
What is the thousands digit of 19618?
9
What is the tens digit of 99998?
9
What is the thousands digit of 49564?
9
What is the tens digit of 19?
1
What is the tens digit of 210?
1
What is the tens digit of 238?
3
What is the units digit of 26307?
7
What is the hundreds digit of 325?
3
What is the thousands digit of 1409?
1
What is the units digit of 14825?
5
What is the units digit of 6623?
3
What is the tens digit of 122884?
8
What is the thousands digit of 23729?
3
What is the hundreds digit of 390?
3
What is the units digit of 1103?
3
What is the units digit of 2988?
8
What is the hundreds digit of 49769?
7
What is the units digit of 788?
8
What is the hundreds digit of 1152?
1
What is the tens digit of 80006?
0
What is the hundreds digit of 25893?
8
What is the hundreds digit of 17776?
7
What is the hundreds digit of 1547?
5
What is the units digit of 191482?
2
What is the ten thousands digit of 73903?
7
What is the units digit of 2219?
9
What is the units digit of 16276?
6
What is the tens digit of 46366?
6
What is the units digit of 31213?
3
What is the tens digit of 408?
0
What is the thousands digit of 45699?
5
What is the units digit of 9808?
8
What is the units digit of 29354?
4
What is the tens digit of 52?
5
What is the tens digit of 3790?
9
What is the thousands digit of 16634?
6
What is the hundreds digit of 5256?
2
What is the hundreds digit of 6366?
3
What is the units digit of 930?
0
What is the ten thousands digit of 156165?
5
What is the ten thousands digit of 12783?
1
What is the hundreds digit of 7238?
2
What is the tens digit of 68840?
4
What is the tens digit of 3122?
2
What is the thousands digit of 5074?
5
What is the tens digit of 5836?
3
What is the units digit of 254?
4
What is the units digit of 240?
0
What is the thousands digit of 22329?
2
What is the units digit of 1002?
2
What is the units digit of 54939?
9
What is the hundreds digit of 120?
1
What is the tens digit of 695?
9
What is the units digit of 605?
5
What is the units digit of 1121?
1
What is the tens digit of 457?
5
What is the thousands digit of 2474?
2
What is the units digit of 2080?
0
What is the hundreds digit of 16416?
4
What is the tens digit of 407?
0
What is the hundreds digit of 5357?
3
What is the tens digit of 22007?
0
What is the units digit of 130?
0
What is the ten thousands digit of 67897?
6
What is the tens digit of 43836?
3
What is the hundreds digit of 24346?
3
What is the tens digit of 301?
0
What is the units digit of 16198?
8
What is the ten thousands digit of 62359?
6
What is the units digit of 598?
8
What is the units digit of 249?
9
What is the units digit of 5861?
1
What is the hundreds digit of 1761?
7
What is the tens digit of 7353?
5
What is the hundreds digit of 72564?
5
What is the ten thousands digit of 33325?
3
What is the thousands digit of 31472?
1
What is the hundreds digit of 2676?
6
What is the thousands digit of 2180?
2
What is the ten thousands digit of 55097?
5
What is the hundreds digit of 17327?
3
What is the thousands digit of 2453?
2
What is the tens digit of 351?
5
What is the units digit of 3512?
2
What is the thousands digit of 1064?
1
What is the tens digit of 52878?
7
What is the thousands digit of 11334?
1
What is the ten thousands digit of 24324?
2
What is the units digit of 36586?
6
What is the hundreds digit of 1598?
5
What is the units digit of 11956?
6
What is the tens digit of 70907?
0
What is the units digit of 1334?
4
What is the units digit of 2546?
6
What is the units digit of 3142?
2
What is the units digit of 5214?
4
What is the hundreds digit of 916?
9
What is the tens digit of 1335?
3
What is the thousands digit of 1053?
1
What is the thousands digit of 22311?
2
What is the units digit of 7973?
3
What is the thousands digit of 1029?
1
What is the hundreds digit of 82669?
6
What is the hundreds digit of 1957?
9
What is the hundreds digit of 303?
3
What is the hundreds digit